mposite number?
False
Let x be -2 - (-9)/3 - 0. Is 418/((1 - x) + 2) a composite number?
True
Suppose 111*p + 5*o - 8135 = 106*p, 4909 = 3*p - 4*o. Is p a composite number?
True
Let r be (344/20)/(3/45). Suppose r - 71 = m. Is m a composite number?
True
Let i = 16631 + -4494. Is i a composite number?
True
Is (-2 - 2472)*8/((-192)/84) a composite number?
True
Is ((-657738)/(-126))/(3/21) composite?
False
Let s be -1*(-1 + -2) + 686. Suppose 0 = -i + s + 257. Suppose -i - 119 = -3*h. Is h prime?
False
Let t(w) = -101*w**3 - w**2 - 1. Let d be t(-1). Suppose 4*m - 3*k - 132 = -2*k, -3*m + d = -3*k. Is m a composite number?
True
Let u be 21/9 + 6/9. Suppose 0*z + u*z = 18. Suppose -596 = -z*r + 2*r. Is r prime?
True
Let i = 44671 - -690. Is i composite?
False
Suppose -2*h - 14768 = -4*t + 27038, 0 = 2*h + 2. Is t prime?
False
Let y = 122 - 265. Let d = 510 + y. Is d a composite number?
False
Suppose 4*f = b + 40881, f = -0*f - 4*b + 10233. Is f a prime number?
False
Suppose 2*k + 25125 = q, -5*q + 72*k + 125677 = 75*k. Is q prime?
False
Let l(q) = -219*q**3 - q - 1. Let c be l(-1). Suppose -3*n = -3*r - c, 2*n = -r + 4*r + 145. Let u = n - 37. Is u a prime number?
True
Let h(v) be the second derivative of 1/3*v**4 + 0 + 1/2*v**3 + 1/2*v**2 + 5*v. Is h(7) composite?
True
Let b be (-2)/1*(-879)/6. Let y = b + -43. Let o = y - 107. Is o composite?
True
Suppose 2*l - 9 = -3*a, -4*l - 5*a = -1 - 18. Suppose 2*h + 3*b = 4306, -l*h + b = -2*h - 8640. Is h composite?
True
Let r(s) = s**2 - 12*s + 20. Let i(f) = 11*f**2 + 2*f + 1. Let d be i(-1). Let a be r(d). Is 320 - (4 + -1 + a) prime?
True
Let d(i) = 53*i + 27. Let s be d(13). Let b = s - 305. Is b prime?
False
Suppose 0 = h + 3*h - 12. Suppose -2*a = 2*n - 74, -9*a + 37 = -8*a - 5*n. Suppose h*f - 2 = q, -4*f + a = 4*q - f. Is q a composite number?
False
Suppose 84144 = h + y, -y - 1 + 2 = 0. Is h a prime number?
True
Let p(v) = 3*v - 6. Let c be p(3). Suppose 5*f = c - 13. Is 257 + 1 - f - 1 composite?
True
Suppose 6*r + 4 = 5*r. Let n(x) = 6*x**2 - 21*x**3 + 38*x**3 + 5*x + 5 - 19*x**3. Is n(r) a prime number?
False
Suppose 0 = 107*o - 110*o + 47673. Is o prime?
False
Let p(k) = -27*k**3 + 14*k**2 - 37*k - 19. Is p(-12) a composite number?
True
Suppose 3*f = 2*j + 2, 5*f + 1 = -2*j - 1. Let i(t) = -11*t**2 - t. Let d be i(j). Let c = d - -31. Is c prime?
False
Suppose j + 1 - 2 = 0, 5*l + 4*j = 55359. Is l a composite number?
False
Let o = 612 - -77. Is o a composite number?
True
Let c be 11/1 + (-2 - 1). Suppose -178 = -c*r + 6*r. Is r composite?
False
Suppose -2*z + 2 = 0, -7*f - 4*z = -3*f - 28. Suppose -2*b = 2 - f. Is (-4)/b - (-181)/1 composite?
False
Is 3/2*(-2)/1*-5333 a composite number?
True
Let v = -3 - 1. Let z be -7 + (1 - 2 - v). Is (0 + -19)*(z - 9) a prime number?
False
Suppose 0 = 3*t - 19*y + 21*y - 181, t - 4*y = 79. Let j(x) = x**2 - 2*x - 3. Let f be j(4). Suppose f*c + 2*c = t. Is c composite?
True
Let h(z) = 5*z**2 + 7*z + 2*z**2 - 3 + 16. Is h(-16) a composite number?
False
Suppose -38930 = -5*s + 10905. Is s a prime number?
True
Is (0 + -1471)/(31/(-31)) prime?
True
Let r = -889 + 589. Let s = r - -155. Is (-2)/2*(s - -18) a prime number?
True
Suppose -8*f = -232354 - 149478. Is f prime?
False
Let z = -29 + 34. Let t(k) = 9*k**2 + 6*k - 2. Is t(z) a composite number?
True
Let v(g) = -2*g**2 + 37*g + 31. Let p be v(19). Let z be ((-14)/(-5))/((-2)/(-50)). Let b = z - p. Is b a composite number?
True
Let s(q) = -9*q + 12. Let l(g) = g**3 - 11*g**2 + 8*g + 9. Suppose -3*j = -j - 20. Let b be l(j). Is s(b) a prime number?
False
Suppose 0 = -13*g - 627 + 5788. Is g prime?
True
Let v be (30/45)/((-4)/(-54)). Let b(g) = -1 - g**3 - 2 + 0*g**3 + 6*g + 9*g**2. Is b(v) a composite number?
True
Suppose -249291 = 10*n - 37*n. Is n prime?
False
Suppose -d = 2*b - 3299 + 1181, -3*b = -15. Suppose -18*m + d = -14*m. Is m a composite number?
True
Suppose 0 = -36*p + 284049 + 5355. Is p a prime number?
True
Suppose -2*c + c - 4 = 0, -c = 2*w. Suppose 2*n - 3*p = 3, 0*n + 2*n + w*p + 12 = 0. Is (n - -5) + -2 + 263 a prime number?
True
Suppose 5300 = -6*f + 11*f. Suppose 3*i = -d + 188 + 36, 0 = 5*d + 3*i - f. Is d a composite number?
True
Let l = 1236 - -266. Suppose -3*w = -5*w + l. Is w prime?
True
Let c = 104 - 28. Let n be 10/15 - c/(-3). Let o = 63 - n. Is o composite?
False
Let n = -44 - -16. Is ((-4)/14)/2 + (-23496)/n a composite number?
False
Let g = -768 - -1274. Let w = g + 573. Is w a prime number?
False
Let o(b) = -5*b**3 - b**2 - b + 1. Let r be o(1). Let j be (-3)/((r/(-56))/(-1)). Let q = j + -3. Is q prime?
False
Let o be 171/(-13) + (0 - (-8)/52). Let v(s) = -17*s + 2. Is v(o) a prime number?
True
Suppose 0 = -7*n + 3*n + 8. Suppose -4*i + 3 + 1 = 0, -o + n = 2*i. Suppose 4*r + o - 228 = 0. Is r a composite number?
True
Let d be (-2)/5 + (-14)/(-35). Suppose -12 = i - 4*q, 0 = 4*i + 5*q - 15 - d. Let w(j) = -j + 815. Is w(i) a composite number?
True
Let h = -46 + 55. Suppose -5*i - 2252 = -h*i. Is i composite?
False
Let t be 1/((-2)/(-458)) + -1. Suppose 0 = -5*d + d + t. Let q = d - -34. Is q prime?
False
Let m(y) = 7*y**3 - 37*y**2 - 49*y + 7. Let w(d) = 4*d**3 - 19*d**2 - 24*d + 4. Let j(r) = 3*m(r) - 5*w(r). Is j(19) a prime number?
True
Let c(v) = 5319*v - 41. Is c(2) a composite number?
False
Let l be 1545/27 - 10/45. Let w = l + -7. Let t = 99 - w. Is t a composite number?
True
Suppose -5*q + 3*i = 15, 3*q - i + 2*i - 5 = 0. Suppose q = -4*o + 1074 + 1906. Is o a composite number?
True
Suppose -3*d + s = -22447, 0*s - 5*s + 7461 = d. Is d prime?
True
Let l(g) = 2*g - 5. Let p be l(0). Is (-1)/(-4) - 1915/20*p prime?
True
Let l(n) = 18067*n - 214. Is l(3) a prime number?
True
Let s be (10/25)/(4/40). Suppose -s*l - 818 = -6*l. Is l prime?
True
Suppose 14*x - 265887 = 549179. Is x composite?
True
Suppose -33105 = -29*i + 8626. Is i a prime number?
True
Let l = -28 - -69. Let z = l - -68. Is z a prime number?
True
Suppose 2*d = -5*z + 6, z + 4*d + d + 8 = 0. Is 1/z*(-17300)/(-10) a composite number?
True
Let i(v) be the second derivative of -v**4/12 - 7*v**3/6 - v**2/2 + 7*v. Let c be i(-6). Suppose -10*b + c*b = -575. Is b composite?
True
Let v be 4/16 + 3/4. Suppose 0 = -2*o - 5*n - 15, o + 11 = -4*n - v. Suppose 91 = u + 4*i, 3*u + o*u + 3*i - 318 = 0. Is u a composite number?
True
Let k be 28/(-70) + 67/5. Let z = 78 + k. Is z composite?
True
Suppose i = -i + 6. Suppose -5*b + 2474 = i*r, -3*r + 1981 = -0*b + 4*b. Is b a prime number?
False
Suppose 164*l = 159*l + 22735. Is l composite?
False
Let u = 59 + -57. Let l(x) = 12*x**3 - 3*x**2 + x + 1. Is l(u) a prime number?
False
Let q = 118 - 66. Is ((-2)/5)/(q/(-89830)) composite?
False
Let x = -1 - -1. Suppose x = 5*l - 9*l + 12. Is -4 + 4 + l + 376 composite?
False
Let q be 45500/68 + 2/(-17). Suppose o + 2*o = q. Is o composite?
False
Is (-23)/5 + 8/(-20) - -652 a composite number?
False
Let n(v) = -v**3 - 2*v**2 + v + 1. Let z be n(-2). Let t be (10/(-2))/(1/z). Suppose 2*k - 2*r - 398 = 0, -t*k + 0*r = 4*r - 1013. Is k a prime number?
False
Let k(j) = -2*j**3 + 91*j**2 - 43*j - 117. Is k(43) a composite number?
True
Let l = 327 - 808. Let p = l - -756. Let m = p - 184. Is m a composite number?
True
Is (-2)/6 - (-27984)/9 a prime number?
True
Suppose 2*g + o - 302 = 158, -5*g = 2*o - 1148. Let u = 2167 - g. Is u a composite number?
True
Let n = 6388 - -13518. Let p = 2551 - n. Is p/(-91) - 4/(-14) a composite number?
False
Let m be ((-5)/(-3))/(7/21). Suppose l = 5*u + 4501, 0 = 4*l + m*u - 11953 - 6101. Is l a composite number?
True
Let a(w) = 376*w**2 - 2*w + 3. Let m be a(1). Is 5 + m - (1 - -2) prime?
True
Let r be ((-104)/(-16))/((-1)/(-2)). Let d = r - 10. Suppose -d*w + 12 = 0, 3*y + 4*w - 343 = 3*w. Is y a composite number?
False
Let c be (-2)/3*19200/(-8). Suppose -5*h = -4*b + c, -b + 3*h = -2*h - 415. Is b a prime number?
False
Let q be 6/(24/(-20))*-146 + 2. Suppose -8*d + 7340 = -q. Is d prime?
True
Suppose 4*l = 108 + 40. Suppose 12*v = 14*v. Suppose b - l = -v*b. Is b a prime number?
True
Let w = 65 - 62. Suppose -w*d - 4*h + 735 = 308, -d + 159 = -2*h. Is d prime?
True
Let c be 2*4/((-8)/(-6)). Suppose c*o = 4*o + 2518. Is o a prime number?
True
Is (-3)/(-9) - (-74700)/27 a composite number?
F